 -3*d + c = -j, -2*d + 5*c - 26 = -10. Let f(o) = o**3 - 2*o**2 + 2*o + 1. Calculate f(d).
5
Let u(w) = -w**2 + 11*w + 2. Let f be u(11). Let o be 7 - (f + 0/1). Let a(y) = y**3 - 6*y**2 + 5*y + 6. Give a(o).
6
Let u = -66 + 64. Let m(o) = o**3 - 2*o**2 - o + 2. What is m(u)?
-12
Let n(m) = m + 11. Let g(z) = -z. Let q(l) = -2*g(l) - n(l). Calculate q(7).
-4
Let a(m) be the second derivative of -1/2*m**2 - 1/2*m**3 + m + 0 - 5/12*m**4 - 1/20*m**5. Give a(-2).
-7
Let y(o) = o. Let f(v) = v**3 - 11*v**2 + 17*v + 8. Let i be f(9). What is y(i)?
-1
Let t(z) = z**3 + 4*z**2 - 3*z. Suppose 5*m - 9*m - 16 = 3*a, 4*m - 4 = 2*a. Give t(a).
12
Suppose -4*f + 15 = -1. Let d(z) be the second derivative of z**3 + 0 - 1/6*z**4 + 3*z - z**2. Determine d(f).
-10
Let j(k) = -k**2 - 11*k + 1. Let c = -9 - -4. Let l(r) = -r**2 - 10*r + 1. Let p(s) = c*j(s) + 6*l(s). Determine p(-4).
5
Let d(f) be the second derivative of f**4/12 - f**3/3 - f**2/2 - 2*f. Let b = -14 + 8. Let j be (9/b)/(1/(-2)). Calculate d(j).
2
Let l(r) be the first derivative of -r**4/4 + r**3 - 3*r**2/2 + 3*r + 17. Calculate l(3).
-6
Let q(h) = -h**3 + 4*h**2 + 4*h + 5. Suppose 3*f + f = 24. Let d be (f/3 + -3)*-5. Determine q(d).
0
Let i(k) = k**2 - 2*k - 2. Let j be i(3). Let a(z) = 2*z**3 + j - 5 + z + z**2 + 3. Determine a(1).
3
Let k(j) = 7*j**3 - j - 1. Let g(q) = 15*q**3 + q**2 - q - 3. Let d(b) = 6*g(b) - 13*k(b). Give d(7).
-5
Let m = -4 + 8. Suppose 0 = -m*j - 0*j + 16. Let g(v) = v**2 + 6*v - 6. Let r(h) = -5*h**2 - 25*h + 25. Let p(o) = -9*g(o) - 2*r(o). What is p(j)?
4
Suppose -q = l - 2, q - 5 = -0*l - 2*l. Let t(k) = -l*k - 1 - 2*k + k**2 + 4. What is t(3)?
-3
Let r(z) be the second derivative of -z**4/6 + 5*z**3/6 + z**2/2 + 3*z. Let u = 4 - 0. Calculate r(u).
-11
Suppose s = -4*h - 4, 8*s - 3*s + 20 = 0. Let b(f) = 3 - 5 + f + h*f + 2*f. Calculate b(3).
7
Let d(a) = a**2 - a. Let w(v) = -2*v**2 + 6*v - 6. Let r(h) = d(h) + w(h). What is r(4)?
-2
Let n(p) = 1 - 2*p**2 + 2*p**2 + p - 3*p + p**2. Let z = -4 + 3. Let y = 2 - z. Determine n(y).
4
Let y(z) = z**2 - 11*z + 5. Let n be y(10). Let i(t) = -t**3 - 4*t**2 + 5*t + 3. Give i(n).
3
Let b(z) = -3*z - 7. Let w(n) = 5*n + 14. Let d(i) = 7*b(i) + 4*w(i). What is d(3)?
4
Let t(r) be the first derivative of -r**3/3 + 5*r**2/2 - 3. Determine t(6).
-6
Let s(a) = -a**3 + 4*a**2 - 2*a + 4. Suppose 0 = -i + 2*i - 10. Let t be (i/3 - 2)*3. What is s(t)?
-4
Let k(f) be the third derivative of -f**6/120 + f**5/10 + f**4/12 - 4*f**3/3 - f**2. Let h = -2 + -10. Let p be (h/(-15))/(4/30). Give k(p).
4
Let c(l) = l**2 + 3*l + 6. Let t(m) = -m**2 - 3*m - 5. Let h be 3 - -2*(-1 + 2). Let y(j) = h*c(j) + 6*t(j). Determine y(-2).
2
Let q(m) = m**2 + 9*m + 2. Let v be q(-9). Suppose 0 = v*s - s + 5. Let u(d) = d**2 + 5*d - 5. Calculate u(s).
-5
Let x(t) = 9*t**2 + 5*t - 3. Let g(q) = -2*q**2 - 1. Let o(m) = 4*g(m) + x(m). Let n be ((-5)/4)/(1/4). What is o(n)?
-7
Let r(d) = 14*d - 20. Let h(c) = 5*c - 7. Let k(q) = 8*h(q) - 3*r(q). Give k(5).
-6
Let j(l) be the first derivative of -l**2/2 - 2*l + 4. Suppose 3*o + 3 = -9. What is j(o)?
2
Let d(r) be the second derivative of -r**5/5 - r**4/12 - r**3/6 + r**2/2 + 4*r. Suppose j - 10 = -4*j. Let u = j - 1. Calculate d(u).
-5
Let t(v) = 9*v - 23*v + 19 + 6*v + 9*v. Determine t(0).
19
Let d(s) = s**2 + s - 2. Let m(g) = g - 5. Let u be m(2). Give d(u).
4
Let p(o) = 4*o + 2. Let l be p(-2). Let v = 2 + l. Let w(y) = y**2 + 5*y + 5. Give w(v).
1
Let n(v) be the first derivative of 23*v**3/3 + 3*v + 5. Let m(f) = 8*f**2 + 1. Let h(r) = 17*m(r) - 6*n(r). Give h(1).
-3
Let i(a) = a - 8. Let b be i(11). Suppose -12 = b*v - y, -2*v - y = 3*v + 12. Let c(r) = -2 - r**2 + 1 - r**2 - 4*r. Give c(v).
-7
Let n(l) = 3*l**2 - 5*l - 2. Let k(d) = 7*d**2 - 10*d - 5. Let j(b) = 4*k(b) - 9*n(b). Calculate j(-5).
-2
Let v(f) = -f**3 - 8*f**2 + 8*f - 7. Let w be v(-9). Let x(i) = i + 0*i + 3*i - 2*i**2 - w. Suppose -5*y + 0*y = -10. Determine x(y).
-2
Let h(f) be the third derivative of -13*f**5/60 - f**4/24 + f**3/6 + 17*f**2. Determine h(1).
-13
Let k(g) = -g**2 + 2*g + 3. Let s = -29 + 33. Calculate k(s).
-5
Let o(r) = 7*r**3 + 7*r + 6. Let u(f) = 6*f**3 + f**2 + 7*f + 6. Let g(h) = 5*o(h) - 6*u(h). What is g(-5)?
4
Let r(f) = 0*f + 3 - 6 + 3*f + f**2 - f. Let n be r(2). Let p(v) = -v**3 + 6*v**2 - 5*v - 6. Give p(n).
-6
Let n(v) be the second derivative of v**4/12 - 4*v**3/3 - 3*v**2/2 + 6*v. Calculate n(8).
-3
Let g be (-1*1)/(1/(-3)). Let i(n) = 1 + n**g + 1 + n**3 - 2*n**2 - 4*n**3. Determine i(-2).
10
Let q = -3 - -5. Let p(b) = 7 - 3 + 0*b**2 + 3*b - b**q - 5*b. Determine p(-4).
-4
Let j(c) = 5*c - 6*c + 1 - 4*c. What is j(-2)?
11
Let l(r) = r + 3. Let b be l(-3). Suppose b = -3*p - 0*w + w + 7, -w - 3 = p. Let g(q) be the second derivative of -q**4/6 + q**3/3 - q**2/2 - q. What is g(p)?
-1
Let b(g) = g**2 - 2. Let y(m) = -m**2 + m + 1. Let x(r) = b(r) + 2*y(r). What is x(3)?
-3
Suppose 2*u + 30 = -4*u. Let a(q) = -q**3 - 4*q**2 + 2*q - 5. Calculate a(u).
10
Let g(l) = -l**2 + 7*l - 2. Let n = -8 + 9. Let p be n*3 + (6 - 8). Suppose p = r - 4. What is g(r)?
8
Let w(o) be the first derivative of 4*o + o**2 + 1/4*o**4 - 4/3*o**3 - 3. Calculate w(3).
1
Let i(p) = p. Let c = 10 + -14. Let j(r) = -13*r - 1. Let l(a) = c*i(a) - j(a). Give l(1).
10
Let x be (-1 - 2)*(-14)/(-6). Let p(h) = -h + 3. Let y(c) = -c + 1. Let z(f) = 2*p(f) - 3*y(f). Let r be z(x). Let o(g) = g**3 + 5*g**2 + 5*g + 5. Give o(r).
1
Let w(v) = v**3 + 5*v**2 - 7*v - 9. Let j = -40 + 34. Calculate w(j).
-3
Let b(j) = j**3 - 4*j**2 - 8*j - 5. Let x be (-45)/(-18)*24/10. Determine b(x).
19
Let s(m) = m**2 + 3*m + 2. Suppose -2 = -2*b, 3*b - 8 = 3*v + b. Give s(v).
0
Let r be ((-4)/5)/((-11)/(-55)). Let u(m) = m + 5. Let a(k) = -2*k - 11. Let s(z) = r*a(z) - 9*u(z). Let o(i) = -i**2 + 6*i - 2. Let f be o(6). Give s(f).
1
Suppose -5*p = 3*w - 10, 4*w + p - 2 = -0*w. Suppose w = i - 5*j + 10, -3*j - 6 = i - 4*j. Let t(g) = -g**2 - 4*g. Let o be t(i). Let a(u) = -u - 7. Give a(o).
-2
Let g(o) be the first derivative of -2*o**3 - o**2/2 - 18. Give g(1).
-7
Let z(x) be the third derivative of -x**5/60 + x**4/24 - x**3/3 + x**2 - 14. Calculate z(0).
-2
Let q(y) = 5*y**2 - y - 1. Let b be q(-1). Suppose -31 = p + 4*s, 27 = -4*p - b*s - 53. Let m be -2*1/(6/p). Let k(c) = c**3 - 4*c**2 - 6*c + 7. Give k(m).
2
Let a(o) = 11*o**2 + 17*o + 6. Let r(m) = -12*m + 6*m + 6 - 8 - 4*m**2. Let t be ((-2)/(-6))/(2/18). Let k(d) = t*a(d) + 8*r(d). Calculate k(-2).
0
Let q(p) be the first derivative of -1/2*p**2 - 5/4*p**4 + 0*p - 5 - 2/3*p**3. Determine q(-1).
4
Let o(m) = m**3 + 5*m**2 - 2*m. Let i(x) = -x + 7. Let u be i(6). Let j be (-3)/(-6) + u/2. Let v be (-4 - 1)*(j - 0). Calculate o(v).
10
Let b be (-2 - -1)*(2 - -1). Let l be ((-9)/2)/(b/(-4)). Let w(h) = h**2 + 5*h - 8. Determine w(l).
-2
Let r(q) be the second derivative of -q**2 + 0 + 5*q - 1/3*q**3. Calculate r(2).
-6
Let j(h) = -2*h**2 - 3*h + 3. Let c = 18 - 16. Determine j(c).
-11
Let b(a) = a**2 + 3*a**2 - 2*a - 2 + 4*a - 3*a**2. Suppose -3*h = h + 12. Give b(h).
1
Let b be (5 - 3) + 0 - 0. Let x(g) = -g - b*g - 2*g + 4*g. Calculate x(4).
-4
Let d(y) = 3*y + 12. Let b(v) = -1. Let q(j) = -12*b(j) - d(j). Give q(1).
-3
Let u(i) = 2*i**3 - i**2 - 4*i. Let t be u(2). Let y(r) = -5*r - 1. Calculate y(t).
-21
Let y(s) = -6*s + 5. Let o(i) = 17*i - 14. Let j be -1 + (-2 + 4)/(-1). Let c(q) = j*o(q) - 8*y(q). Give c(-3).
11
Let s(y) be the second derivative of -y - 1/6*y**3 - 3*y**2 + 0. What is s(-6)?
0
Let w be ((-50)/(-30))/(1/9). Let l be ((-1)/3)/((-5)/w). Let f(d) = -5*d + 6. Let b(t) = -70*t + 85. Let i(a) = 6*b(a) - 85*f(a). Calculate i(l).
5
Suppose 0*p = -2*p + 14. Suppose -3*z + p = -0*z + w, -2*w = -2*z + 2. Let n(s) = 2*s**2 + s - 1. Determine n(z).
9
Let t(p) be the first derivative of p**7/168 - p**6/360 + p**5/120 - p**4/24 + 2*p**3/3 - 1. Let n(s) be the third derivative of t(s). Determine n(1).
4
Let b(c) = c**2 + 9*c - 25. Let q(i) = i**2 + 6*i - 17. Let f(h) = -5*b(h) + 7*q(h). Calculate f(4).
26
Let x(r) = 0*r + r - 3 + 4. What is x(-3)?
-2
Let h(y) = -y**3 + 3*y**2 + y + 2. Let s be h(3). Let j(z) = z**2 - 5*z + 3. Determine j(s).
3
Let v(q) = -q. Let i(b) = -b**2 + 4*b - 1. Let d(c) =